alculate the remainder when 165 is divided by 34.
29
What is the remainder when 394 is divided by 57?
52
Calculate the remainder when 1509 is divided by 205.
74
What is the remainder when 3828 is divided by 1909?
10
Calculate the remainder when 537 is divided by 60.
57
What is the remainder when 905 is divided by 30?
5
What is the remainder when 168 is divided by 59?
50
What is the remainder when 367 is divided by 73?
2
What is the remainder when 194 is divided by 8?
2
Calculate the remainder when 244 is divided by 50.
44
Calculate the remainder when 193 is divided by 28.
25
What is the remainder when 5610 is divided by 1870?
0
What is the remainder when 89 is divided by 32?
25
What is the remainder when 141 is divided by 40?
21
Calculate the remainder when 146 is divided by 138.
8
What is the remainder when 134 is divided by 36?
26
What is the remainder when 111 is divided by 39?
33
Calculate the remainder when 702 is divided by 345.
12
What is the remainder when 87 is divided by 53?
34
Calculate the remainder when 201 is divided by 61.
18
What is the remainder when 745 is divided by 72?
25
Calculate the remainder when 47 is divided by 15.
2
What is the remainder when 1454 is divided by 16?
14
What is the remainder when 261 is divided by 38?
33
Calculate the remainder when 77 is divided by 25.
2
Calculate the remainder when 1502 is divided by 9.
8
Calculate the remainder when 13317 is divided by 19.
17
What is the remainder when 691 is divided by 99?
97
Calculate the remainder when 26 is divided by 10.
6
What is the remainder when 207 is divided by 56?
39
What is the remainder when 12366 is divided by 217?
214
Calculate the remainder when 155 is divided by 8.
3
What is the remainder when 48 is divided by 13?
9
Calculate the remainder when 1109 is divided by 374.
361
Calculate the remainder when 1599 is divided by 25.
24
Calculate the remainder when 399 is divided by 50.
49
Calculate the remainder when 27 is divided by 7.
6
What is the remainder when 2555 is divided by 20?
15
What is the remainder when 247 is divided by 23?
17
Calculate the remainder when 3627 is divided by 19.
17
What is the remainder when 82 is divided by 29?
24
What is the remainder when 1131 is divided by 115?
96
Calculate the remainder when 470 is divided by 434.
36
What is the remainder when 178 is divided by 10?
8
What is the remainder when 232 is divided by 104?
24
Calculate the remainder when 62 is divided by 30.
2
What is the remainder when 109 is divided by 19?
14
What is the remainder when 41 is divided by 8?
1
Calculate the remainder when 314 is divided by 18.
8
Calculate the remainder when 124 is divided by 45.
34
What is the remainder when 186 is divided by 92?
2
What is the remainder when 2076 is divided by 16?
12
What is the remainder when 524 is divided by 23?
18
Calculate the remainder when 181 is divided by 8.
5
Calculate the remainder when 484 is divided by 239.
6
What is the remainder when 1245 is divided by 131?
66
Calculate the remainder when 899 is divided by 21.
17
What is the remainder when 433 is divided by 15?
13
Calculate the remainder when 4964 is divided by 191.
189
Calculate the remainder when 2337 is divided by 397.
352
Calculate the remainder when 2085 is divided by 29.
26
Calculate the remainder when 274 is divided by 93.
88
What is the remainder when 45 is divided by 4?
1
What is the remainder when 435 is divided by 73?
70
Calculate the remainder when 524 is divided by 68.
48
What is the remainder when 773 is divided by 192?
5
Calculate the remainder when 319 is divided by 14.
11
What is the remainder when 3623 is divided by 21?
11
What is the remainder when 51 is divided by 27?
24
Calculate the remainder when 737 is divided by 187.
176
What is the remainder when 452 is divided by 150?
2
Calculate the remainder when 1434 is divided by 712.
10
What is the remainder when 2814 is divided by 44?
42
What is the remainder when 155 is divided by 49?
8
Calculate the remainder when 36 is divided by 36.
0
What is the remainder when 743 is divided by 93?
92
Calculate the remainder when 4398 is divided by 53.
52
What is the remainder when 139 is divided by 35?
34
What is the remainder when 398 is divided by 14?
6
What is the remainder when 454 is divided by 33?
25
Calculate the remainder when 511 is divided by 47.
41
Calculate the remainder when 523 is divided by 127.
15
Calculate the remainder when 1170 is divided by 32.
18
What is the remainder when 1870 is divided by 103?
16
Calculate the remainder when 417 is divided by 21.
18
What is the remainder when 54 is divided by 34?
20
Calculate the remainder when 847 is divided by 23.
19
What is the remainder when 3330 is divided by 28?
26
What is the remainder when 895 is divided by 23?
21
What is the remainder when 2697 is divided by 45?
42
Calculate the remainder when 309 is divided by 78.
75
What is the remainder when 8358 is divided by 22?
20
What is the remainder when 8737 is divided by 2181?
13
Calculate the remainder when 1137 is divided by 95.
92
What is the remainder when 1132 is divided by 92?
28
What is the remainder when 16349 is divided by 5?
4
Calculate the remainder when 2375 is divided by 185.
155
What is the remainder when 1610 is divided by 9?
8
What is the remainder when 181 is divided by 48?
37
Calculate the remainder when 187 is divided by 16.
11
What is the remainder when 26673 is divided by 37?
33
What is the remainder when 165 is divided by 24?
21
Calculate the remainder when 548 is divided by 55.
53
Calculate the remainder when 119 is divided by 26.
15
Calculate the remainder when 318 is divided by 82.
72
What is the remainder when 39 is divided by 10?
9
What is the remainder when 3266 is divided by 10?
6
What is the remainder when 952 is divided by 33?
28
Calculate the remainder when 64 is divided by 18.
10
What is the remainder when 10644 is divided by 117?
114
Calculate the remainder when 285 is divided by 48.
45
Calculate the remainder when 295 is divided by 23.
19
Calculate the remainder when 4343 is divided by 24.
23
What is the remainder when 2735 is divided by 74?
71
Calculate the remainder when 79 is divided by 34.
11
What is the remainder when 210 is divided by 24?
18
Calculate the remainder when 96 is divided by 21.
12
Calculate the remainder when 218 is divided by 121.
97
Calculate the remainder when 36867 is divided by 23.
21
What is the remainder when 296 is divided by 59?
1
Calculate the remainder when 728 is divided by 26.
0
What is the remainder when 115 is divided by 58?
57
What is the remainder when 81 is divided by 3?
0
What is the remainder when 282 is divided by 229?
53
Calculate the remainder when 2603 is divided by 12.
11
What is the remainder when 380 is divided by 77?
72
Calculate the remainder when 4434 is divided by 1107.
6
Calculate the remainder when 553 is divided by 176.
25
What is the remainder when 1157 is divided by 9?
5
Calculate the remainder when 481 is divided by 10.
1
Calculate the remainder when 38 is divided by 26.
12
What is the remainder when 513 is divided by 106?
89
What is the remainder when 521 is divided by 23?
15
What is the remainder when 1058 is divided by 53?
51
What is the remainder when 535 is divided by 173?
16
Calculate the remainder when 263 is divided by 25.
13
Calculate the remainder when 164 is divided by 35.
24
Calculate the remainder when 155 is divided by 40.
35
Calculate the remainder when 128 is divided by 26.
24
What is the remainder when 460 is divided by 42?
40
What is the remainder when 396 is divided by 58?
48
Calculate the remainder when 1129 is divided by 207.
94
Calculate the remainder when 123 is divided by 14.
11
Calculate the remainder when 21 is divided by 13.
8
What is the remainder when 1383 is divided by 77?
74
Calculate the remainder when 979 is divided by 23.
13
What is the remainder when 7772 is divided by 46?
44
What is the remainder when 53 is divided by 24?
5
Calculate the remainder when 247 is divided by 36.
31
Calculate the remainder when 248 is divided by 44.
28
Calculate the remainder when 1421 is divided by 18.
17
What is the remainder when 6038 is divided by 432?
422
Calculate the remainder when 3574 is divided by 27.
10
Calculate the remainder when 1896 is divided by 34.
26
What is t